on factor of d and 9?
9
Suppose -9*y + 240 = y. Calculate the highest common factor of y and 16.
8
Suppose 4*k - 138 = -10. Let o = 57 - k. Calculate the highest common factor of o and 10.
5
Let a be 174/3 - 1*2. Suppose -10 = 5*g - 35. Suppose 0 = l + 3*j - 10, 2*l + 2 = g*j + 11. What is the greatest common divisor of a and l?
7
Let a be 5 + -2 + 5 - 2. Suppose 105 = -c + a*c. What is the greatest common factor of 21 and c?
21
Let h = 10 + -3. Suppose l - 10 = -4*l. Suppose l*c - 132 = -5*b, 0 = 3*b + 2*c + c - 72. Calculate the greatest common divisor of h and b.
7
Suppose 0*t = -3*f + 3*t + 9, 5*t - 21 = -4*f. Suppose b + 30 = 3*c + 2*c, -3 = -f*c + 5*b. Calculate the greatest common divisor of 56 and c.
7
Suppose 4*u + 5*y - 66 = 0, -4*u - 4*y + 68 = -0*u. Let m = u - 1. Calculate the greatest common factor of 18 and m.
18
Suppose 0 = -160*u + 162*u - 122. What is the greatest common factor of u and 244?
61
Let d be (-3)/6*(-14 - -4). Let j be (4/5)/(1/d). What is the highest common divisor of j and 12?
4
Let r(p) = -p**3 - 3*p**2 + 6*p - 3. Let f be r(-5). Suppose -2*q + q + 51 = 0. What is the greatest common divisor of f and q?
17
Let h = 107 - 95. Let k be 5/(1/(-1 + 2)). Suppose -3*u + 2*y + 250 = 0, 3*u - k*y = 121 + 126. What is the greatest common factor of h and u?
12
Let t = 57 - 30. Let l = -25 + t. What is the highest common factor of 3 and l?
1
Suppose -6*p + 6 = -0. What is the greatest common factor of 6 and p?
1
Let t = 0 - -2. Let m = 9 - t. What is the highest common factor of m and 21?
7
Suppose -2*m = 3*m - 4*q - 40, -4*m = -2*q - 38. Let a = 6 + -2. Calculate the greatest common factor of m and a.
4
Suppose 0 = -2*s + 5 + 19. Suppose -3*c + 4 = 1, -4*c - s = -2*i. Calculate the greatest common factor of i and 32.
8
Let g(y) = -y + 13. Let c be g(8). What is the greatest common factor of 45 and c?
5
Let y = 42 + 142. Suppose -2*z - 10 = -3*h + 90, 5*h = -z + y. What is the greatest common divisor of h and 9?
9
Let d be 4 - (5 - (6 - 3)). Suppose 0 = -4*a - 4, 5*w - 324 + 37 = d*a. Suppose -4*b + w = -11. What is the greatest common factor of 85 and b?
17
Let d = 4 + -8. Let l = -523 - -1138. Let g be 1/d - l/(-12). What is the greatest common divisor of 34 and g?
17
Let z(h) = 0*h + 5*h - 3*h + 3*h. Let k be z(1). Calculate the greatest common divisor of 1 and k.
1
Let t(p) = 3*p**2 - 4*p + 4. Let u be t(-5). What is the highest common divisor of 33 and u?
33
Suppose 12 = -3*o, -42 = -2*f - 2*o + o. What is the greatest common factor of f and 92?
23
Let s(o) = o - 3. Let d be s(6). What is the highest common factor of 21 and d?
3
Let l(b) = 3*b**2 + 5*b - 2. Let o be l(3). Let s = o + -22. Calculate the greatest common factor of s and 18.
18
Suppose -2*m + 3*f = 24, -16 = -3*f - f. Let r be m*13*(-2)/6. Calculate the greatest common divisor of 65 and r.
13
Let f(r) = r**3 + 5*r**2 + 4*r - 3. Let v be f(-4). Let m be (-553)/(-28) + v/4. What is the highest common factor of 38 and m?
19
Let k be 44/3*(-2)/((-12)/9). Let r(y) = 197*y**3 + y**2 + y - 1. Let f be r(1). What is the greatest common divisor of f and k?
22
Let c(s) be the second derivative of s**5/20 - 5*s**4/6 + 3*s**3/2 + 13*s**2/2 - s. Let m be c(9). What is the greatest common divisor of 143 and m?
13
Let h(f) = f**3 - f**2 + 2. Let g be h(0). Suppose -3*d + 17 = g. Calculate the highest common factor of 5 and d.
5
Let g(c) = c**2 + 9*c + 22. Let p be g(-6). What is the greatest common factor of p and 68?
4
Let b(n) = -n**3 - 5*n**2 + 3*n + 8. Let v be b(-7). Calculate the highest common factor of v and 17.
17
Let p(n) = n**3 + n**2 + n + 126. Let d be p(0). Let v(f) = d*f - 3 + 3. Let s be v(1). What is the highest common factor of s and 14?
14
Suppose 0 = -2*d + 64 + 18. Let m = d - 10. Suppose -4*t = -m - 5. What is the highest common factor of 72 and t?
9
Let g(j) = j**2 - 18*j + 30. Let c be g(17). Suppose -3*a + 9 = 0, 0*a + 2*a - 331 = -5*m. What is the greatest common divisor of m and c?
13
Suppose -5*q - 15 + 0 = 0. Let r = q - -6. Suppose x - r + 1 = 0. Calculate the highest common factor of 4 and x.
2
Let g be 762/8 + (-25)/100. What is the highest common factor of 19 and g?
19
Suppose 0 = 4*h - 2*l - 96, 3*h - 3*l = 8*h - 120. What is the greatest common divisor of h and 168?
24
Let b be (2/(-4))/(4/(-40)). Let n = -5 + b. Let s(j) = -j**3 + j**2 - j + 10. Let f be s(n). What is the greatest common divisor of f and 10?
10
Let d = -3 + 1. Let y(q) = -6*q - 4. Let g be y(d). Calculate the highest common divisor of 24 and g.
8
Let d be (3 + 7)*-3*40/(-50). Suppose 2*g - 16 = 56. What is the highest common factor of d and g?
12
Let h = 132 + -44. What is the highest common divisor of h and 44?
44
Suppose -23 = -z - 5*v, v + 16 = z - 1. Let b(s) = 2*s**2 - 3*s. Let p = 8 + -5. Let a be b(p). Calculate the highest common divisor of a and z.
9
Let s(t) = 2*t**3 + 9*t**2 - t - 5. Let k be s(-4). Calculate the greatest common divisor of 120 and k.
15
Suppose 3*d = 2*t - 30 - 6, -4*t + 72 = -d. Suppose k + 26 = 3*c + 6*k, c + 2*k - 8 = 0. Calculate the highest common factor of c and t.
6
Suppose 0*l = -2*l + 4*p + 6, -p = 2*l - 26. Let i = 20 - l. What is the highest common divisor of i and 9?
9
Suppose u = 3*m + 14, -4*u + 14 = -5*m - 14. Suppose 12 = u*b - 52. Calculate the greatest common divisor of 16 and b.
16
Suppose -i + 2*n + 25 = 0, 0 - 15 = -i + 4*n. What is the greatest common divisor of 7 and i?
7
Let t(j) = j**3 - j + 7. Let f be t(0). Let h(s) = 8*s**3 - 2*s - 4. Let q be h(2). Calculate the greatest common divisor of f and q.
7
Suppose k = 5*j + 25, 0 = -k - 3*k - 4*j + 100. What is the highest common factor of k and 75?
25
Suppose -117 = 3*i - 6*i + 2*c, 4*i - 156 = 5*c. What is the greatest common factor of 156 and i?
39
Let i(a) = 2*a - 1. Let u be i(5). Let h(s) = -s + 33. Let w be h(24). Calculate the highest common divisor of w and u.
9
Suppose -7*g = -2*g - 5*c - 2240, 0 = -3*g - 2*c + 1359. Let q = 691 - g. What is the greatest common divisor of 24 and q?
24
Suppose -4*b - 2*b = -396. Let g = b + -26. Calculate the greatest common divisor of 8 and g.
8
Let o(t) = 23*t - 1. Let w be o(1). Let d(f) = -f**3 + 8*f**2 - 2*f - 5. Let r be d(6). Calculate the highest common divisor of w and r.
11
Let g = -205 - -309. What is the highest common divisor of g and 26?
26
Let y be -2 + 0 - -6 - 2. Suppose -y*g - 22 = -286. Calculate the highest common factor of g and 12.
12
Suppose 3*z - 5*l + 19 = 4*z, -3*l = 5*z - 73. What is the greatest common factor of 70 and z?
14
Let h be (3 + -4)*(-1 + -116). Suppose 3 = r - h. Calculate the greatest common factor of r and 15.
15
Suppose -3*q = -1 - 11. Let g = -4 - -16. What is the highest common factor of g and q?
4
Let v be (6/15)/((-1)/(-5)). Suppose 8 = -v*a + 74. Calculate the highest common divisor of a and 11.
11
Suppose -3*d - 80 = -3*r - d, 2*r = -4*d + 64. Calculate the highest common divisor of 42 and r.
14
Suppose -2*h - 2*o + 186 = 2*h, 0 = -3*h + 4*o + 123. Suppose -19 = -2*n + 17. What is the highest common factor of h and n?
9
Let d(y) = y**3 + y**2 - y. Let h be d(1). What is the greatest common factor of 8 and h?
1
Suppose 97 = 3*r - 5*f, 2*f = 10 - 2. Suppose 0 = -8*j + 32 + 72. What is the highest common factor of j and r?
13
Let w(k) = k**2 + 7*k - 2. Let i be w(-5). Let l be (20/i)/(1/(-21)). Calculate the greatest common factor of 14 and l.
7
Suppose -2*t = -3*t + 3. Let o(v) = v**2 - 2*v. Let g be o(t). What is the greatest common factor of 6 and g?
3
Let u = 6 + 4. Calculate the greatest common factor of u and 110.
10
Suppose -3*v = 4*c - v - 130, 3*c - 97 = -v. Let i = -63 - -111. What is the greatest common factor of c and i?
16
Let x be 5/(20/16) - -66. What is the greatest common factor of x and 10?
10
Suppose -5*m + 5*s = -m - 97, 0 = -3*m + 4*s + 74. Let n = -11 + m. What is the highest common factor of n and 1?
1
Let g = 4 + -2. Let p be (g/4)/((-3)/(-18)). Suppose -3*n + 2*n + 10 = -2*u, p*n + 4*u = 30. What is the highest common factor of n and 10?
10
Let d be 51/(-34)*14/(-3). Let v = 120 - 85. What is the greatest common divisor of v and d?
7
Let h(r) = -2*r**2 + 9*r - 4. Let f be h(6). Let w be f/(-33) - 448/(-3). Calculate the greatest common factor of 25 and 